te the highest common factor of 6666 and 44.
22
Calculate the highest common factor of 194 and 20273.
97
What is the highest common divisor of 11 and 1419?
11
What is the highest common divisor of 6 and 22548?
6
What is the greatest common divisor of 25901 and 59?
59
Calculate the greatest common factor of 16 and 196.
4
What is the greatest common divisor of 120 and 3480?
120
What is the greatest common divisor of 2628 and 24?
12
Calculate the highest common divisor of 32 and 200.
8
Calculate the greatest common factor of 297 and 1089.
99
Calculate the highest common factor of 225 and 1305.
45
What is the highest common factor of 177 and 59?
59
Calculate the highest common factor of 7085 and 195.
65
What is the highest common divisor of 3454 and 110?
22
What is the highest common divisor of 80180 and 190?
190
What is the highest common divisor of 97 and 1?
1
What is the greatest common factor of 16 and 4496?
16
Calculate the greatest common divisor of 175 and 1435.
35
What is the highest common divisor of 119 and 85?
17
Calculate the greatest common divisor of 380 and 4028.
76
What is the greatest common factor of 24 and 1280?
8
Calculate the greatest common divisor of 287 and 41.
41
Calculate the greatest common divisor of 28 and 1432.
4
Calculate the highest common factor of 308 and 594.
22
What is the greatest common factor of 259 and 333?
37
Calculate the greatest common divisor of 5460 and 350.
70
What is the greatest common divisor of 264 and 48?
24
Calculate the highest common factor of 1044 and 754.
58
Calculate the highest common factor of 4 and 128.
4
What is the greatest common divisor of 43 and 56072?
43
What is the highest common factor of 40 and 1336?
8
Calculate the highest common factor of 21746 and 249.
83
Calculate the highest common factor of 144 and 108.
36
What is the highest common divisor of 212 and 11342?
106
Calculate the highest common factor of 20 and 2390.
10
Calculate the highest common factor of 737 and 55.
11
What is the highest common factor of 1428 and 1360?
68
Calculate the greatest common factor of 22 and 22.
22
What is the highest common factor of 65 and 65?
65
What is the greatest common divisor of 13 and 403?
13
What is the highest common factor of 738 and 9?
9
Calculate the greatest common divisor of 104 and 130.
26
What is the greatest common factor of 6771 and 333?
111
Calculate the greatest common factor of 560 and 28.
28
What is the highest common factor of 5 and 75?
5
What is the highest common factor of 420 and 672?
84
Calculate the highest common factor of 88 and 1496.
88
Calculate the greatest common factor of 516 and 12.
12
What is the highest common divisor of 1417 and 13?
13
Calculate the highest common factor of 14 and 11053.
7
Calculate the highest common factor of 38 and 12293.
19
What is the highest common divisor of 27 and 63?
9
What is the greatest common divisor of 136 and 34?
34
Calculate the greatest common factor of 321 and 6.
3
Calculate the highest common factor of 1953 and 18.
9
Calculate the highest common factor of 10 and 605.
5
Calculate the highest common factor of 38106 and 87.
87
Calculate the highest common factor of 14 and 642.
2
What is the greatest common factor of 51 and 4216?
17
Calculate the highest common divisor of 59 and 2891.
59
What is the greatest common divisor of 128 and 608?
32
What is the highest common divisor of 13 and 29263?
13
What is the greatest common divisor of 35 and 82775?
35
What is the highest common divisor of 24 and 1632?
24
Calculate the greatest common divisor of 1498 and 42.
14
What is the greatest common divisor of 58 and 406?
58
What is the highest common factor of 403 and 62?
31
What is the highest common divisor of 336 and 1904?
112
Calculate the greatest common divisor of 8601 and 183.
183
Calculate the highest common divisor of 6 and 177.
3
What is the greatest common factor of 38 and 57?
19
What is the highest common divisor of 57864 and 12?
12
Calculate the greatest common factor of 2525 and 303.
101
Calculate the highest common factor of 7 and 2.
1
What is the greatest common factor of 58 and 10498?
58
Calculate the greatest common divisor of 738 and 82.
82
What is the highest common divisor of 60 and 1340?
20
What is the highest common divisor of 125 and 145?
5
What is the greatest common factor of 391 and 23?
23
Calculate the greatest common divisor of 292 and 365.
73
What is the greatest common factor of 81 and 171?
9
Calculate the greatest common divisor of 469 and 658.
7
Calculate the greatest common factor of 18 and 129.
3
What is the greatest common divisor of 612 and 2516?
68
Calculate the greatest common factor of 84 and 12.
12
What is the greatest common factor of 12 and 5892?
12
What is the highest common divisor of 2387 and 63?
7
Calculate the highest common factor of 2407 and 29.
29
Calculate the greatest common factor of 18 and 81.
9
Calculate the greatest common divisor of 670 and 40.
10
What is the highest common factor of 4087 and 67?
67
What is the highest common divisor of 43456 and 7?
7
What is the highest common factor of 63 and 27153?
63
Calculate the highest common factor of 11492 and 104.
52
What is the greatest common factor of 3488 and 64?
32
Calculate the greatest common factor of 53 and 477.
53
What is the highest common divisor of 115 and 368?
23
Calculate the greatest common divisor of 85 and 28390.
85
What is the highest common factor of 336 and 528?
48
Calculate the highest common divisor of 30 and 40.
10
Calculate the highest common divisor of 6 and 1074.
6
What is the greatest common factor of 16 and 472?
8
What is the greatest common divisor of 100 and 40?
20
What is the greatest common divisor of 20 and 760?
20
Calculate the greatest common divisor of 4 and 106.
2
What is the greatest common divisor of 1196 and 782?
46
What is the highest common divisor of 318 and 4240?
106
Calculate the highest common divisor of 427 and 549.
61
What is the greatest common divisor of 5891 and 137?
137
Calculate the greatest common divisor of 968 and 913.
11
Calculate the greatest common factor of 909 and 45.
9
What is the greatest common divisor of 1804 and 246?
82
Calculate the highest common divisor of 12 and 294.
6
What is the highest common divisor of 46 and 345?
23
What is the highest common divisor of 11136 and 87?
87
Calculate the greatest common factor of 570 and 1995.
285
What is the greatest common divisor of 2 and 14426?
2
What is the greatest common factor of 154 and 385?
77
What is the greatest common divisor of 16 and 464?
16
What is the greatest common divisor of 140 and 160?
20
What is the greatest common divisor of 288 and 9?
9
Calculate the highest common divisor of 183 and 3.
3
Calculate the highest common divisor of 89 and 3382.
89
Calculate the greatest common divisor of 19613 and 11.
11
Calculate the greatest common divisor of 3625 and 87.
29
What is the highest common factor of 61 and 8479?
61
Calculate the highest common factor of 180 and 28260.
180
Calculate the highest common factor of 184 and 138.
46
What is the greatest common factor of 360 and 1960?
40
What is the highest common factor of 26 and 117?
13
What is the greatest common factor of 20 and 60?
20
Calculate the highest common factor of 856 and 8.
8
What is the greatest common divisor of 147 and 483?
21
What is the highest common factor of 36 and 56?
4
What is the highest common factor of 89 and 34532?
89
What is the greatest common factor of 48 and 48?
48
Calculate the greatest common divisor of 270 and 90.
90
Calculate the greatest common divisor of 6728 and 116.
116
Calculate the greatest common divisor of 28762 and 292.
146
What is the greatest common factor of 267 and 623?
89
What is the greatest common factor of 342 and 1152?
18
Calculate the greatest common factor of 11 and 7513.
11
What is the highest common factor of 11 and 11?
11
What is the greatest common divisor of 23 and 1495?
23
Calculate the highest common factor of 627 and 4587.
33
What is the highest common factor of 13368 and 8?
8
What is the greatest common divisor of 189 and 147?
21
What is the highest common factor of 88 and 297?
11
Calculate the highest common factor of 30 and 2490.
30
What is the highest common factor of 65 and 39?
13
What is the highe